2. Suppose -2*v = -h*v + 35. Suppose 4*a - 37 = v. List the prime factors of a.
2, 3
Let j(p) = -p**3 + 5*p**2 + 4*p - 4. Let b be j(5). Suppose -260 = -b*q + 11*q. List the prime factors of q.
2, 13
Suppose 4 = 4*d - j, 5*j + 4 = -5*d - 16. Suppose 5*o - 2*o = d. Suppose o*t - 4*t = -36. List the prime factors of t.
3
Let b = -46 + 180. Suppose -74 = -3*c - 4*l, 2*c + 3*c - b = -4*l. List the prime factors of c.
2, 3, 5
Suppose -6176 = -28*n - 4*n. List the prime factors of n.
193
List the prime factors of (2 - (-12)/(-8))*(517 + 13).
5, 53
Suppose 0 = -p - 4*p + 2*m + 204, 5*p - 3*m - 206 = 0. What are the prime factors of p?
2, 5
Suppose -24*w = -20*w - 104. Let r = w + -17. Suppose -r*p + 6*p = -99. List the prime factors of p.
3, 11
Let i = -18 + 16. Let k be (i/3)/(2/(-9)). Suppose 0 = -o + k*o - 4. What are the prime factors of o?
2
Let x be 3/(3 + 13/(-4)). Let n(p) = -5*p - 8. What are the prime factors of n(x)?
2, 13
Let u(n) = n**2 + 9*n + 7. Let j be u(-10). Let b = 19 - j. Suppose -3*a = 2*a - 2*x - 164, -x = b*a - 62. List the prime factors of a.
2
Let x = -501 + 1236. Suppose 2*a = 9*a - x. List the prime factors of a.
3, 5, 7
Suppose -4*h = 5*y - 1484, -7*h + 9*h - 1192 = -4*y. List the prime factors of y.
2, 3, 5
Suppose 15*t - 4633 = 15557. List the prime factors of t.
2, 673
Let y = 21 - 16. Suppose 0 = 5*o + y*o - 60. List the prime factors of o.
2, 3
Let a(s) = -s**2 - 2*s + 4. Let g be a(-6). Let n be 59/(-5) - (-4)/g. Let q = 24 + n. What are the prime factors of q?
2, 3
Let r(b) = 22*b + 16*b - 9*b + 1 - 8*b. Let g be r(1). List the prime factors of (-11)/(-1) - g/(-11).
13
Let b(c) = 6*c**3 - 5*c**2 - c - 5. Let m(z) = 5*z**3 - 4*z**2 - z - 5. Let y(v) = 4*b(v) - 5*m(v). Suppose 0 = -0*j - 2*j. List the prime factors of y(j).
5
Suppose n + 2*c = 4023, -4*n - 25*c + 16067 = -22*c. What are the prime factors of n?
4013
Let j = 35 - 19. Let s = j - -67. What are the prime factors of s?
83
Suppose 8*o - 511 = 129. What are the prime factors of o?
2, 5
Let n(o) = 5*o**2 - 9*o - 3. Let d be n(7). Let g = d + -108. What are the prime factors of g?
71
Suppose 56*l - 232760 + 83072 = 0. List the prime factors of l.
3, 11
Suppose -2*a + 2*m + 1 - 5 = 0, -m + 2 = 2*a. Suppose a = 25*t - 20*t - 30. List the prime factors of t.
2, 3
Suppose -14*y = -15*y - 25. Let k(u) = -8*u + 10. Let v be k(7). Let s = y - v. What are the prime factors of s?
3, 7
Let h(y) = 7*y - 2. Let d be h(1). Suppose 0 = d*s - 68 - 162. What are the prime factors of s?
2, 23
Suppose 0 = -3*k + 2*u + 605, 2*k - 4*u - 636 = -230. List the prime factors of k.
3, 67
List the prime factors of ((-48)/(-14))/((4 - 6)/(-112)).
2, 3
Suppose -3*c = -4*m - 3, 3*m - 2*c + 14 = 12. Let h(a) = -a + 40. Let r be h(0). Suppose 4*l = -m*l + r. What are the prime factors of l?
2, 5
Suppose -66*u + 4*v + 2365 = -61*u, 0 = u + 3*v - 473. What are the prime factors of u?
11, 43
Let s(g) = g**2 - 4*g - 4. Let l(y) = -y**2 + 3*y + 3. Let r(u) = -6*l(u) - 5*s(u). Let p be r(-5). Let o = -10 + p. What are the prime factors of o?
7
Suppose 0 = 7*p - 8 - 20. Suppose p*f = 2*d - 114, -3*d + 228 = d + 3*f. What are the prime factors of d?
3, 19
Suppose -4*y + 3*y = -5. Suppose -20 = y*j, j + 4*j = -5*t + 370. List the prime factors of t.
2, 3, 13
Let b(i) = i**2 - 9*i + 4. Let f be b(5). Let x = 20 + f. Suppose -d - x*d + 25 = 0. What are the prime factors of d?
5
Let o(t) be the first derivative of -2*t**3/3 - 3*t**2/2 + 3*t - 6. Let m be o(-4). List the prime factors of m/(3/(-4 - -1)).
17
Let o be 4/6 - (-42)/(-9). Let u(z) = 6. Let a(v) = -v + 1. Let i(t) = o*a(t) - u(t). What are the prime factors of i(6)?
2, 7
Let q = -54 + 1051. What are the prime factors of q?
997
Suppose -1782 = -2*t + b + 5704, 2*t + 2*b - 7480 = 0. List the prime factors of t.
2, 1871
Let k = -664 - -701. What are the prime factors of k?
37
Let z(i) = -i**2 + 6*i - 2. Let v be z(5). Let a(b) = -1 - 22 - 15*b + v + 4*b. What are the prime factors of a(-6)?
2, 23
Let h(s) = -33*s + 69. List the prime factors of h(-19).
2, 3, 29
Let n(p) be the first derivative of 30*p**2 - 37*p + 37. What are the prime factors of n(3)?
11, 13
Let m(s) = s - 1. Suppose -19 = 3*h - 1. Let d be -1 - (3 - 1) - h. What are the prime factors of m(d)?
2
Let j(m) = -5 - 2*m + 2 + 13 + 6. What are the prime factors of j(7)?
2
Suppose -3*p - 15 = -5*o, 0*o + o + 5*p = -25. Suppose 4*a + 416 = 5*f, 5*f - 2*a + 7*a - 380 = o. Suppose 4*w - f = -0*w. What are the prime factors of w?
2, 5
Suppose -6*p + 1630 = -422. List the prime factors of p.
2, 3, 19
Let z(o) = -3*o**3 - 10*o**2 + 7*o - 11. What are the prime factors of z(-9)?
1303
Let l be 4/4 + 2 - -10. Suppose -v - 5*h = -23, 5*v + h - 6 = l. List the prime factors of (-1 + -28 + v)*-1.
2, 13
Let z be (-18)/(-4) - 12/24. Suppose -k - 471 = -z*f, -2*f + k + 237 = -0*f. List the prime factors of f.
3, 13
Let j(a) = 1927*a**3 + 3*a**2 - 2*a + 1. List the prime factors of j(1).
3, 643
Let m = 90 + 1047. What are the prime factors of m?
3, 379
Let c(p) = 5*p**2 + 8*p - 6. Let b(i) = 11*i**2 + 17*i - 12. Let m be 12/(-5) - (-16)/40. Let z(g) = m*b(g) + 5*c(g). List the prime factors of z(4).
2, 3, 11
Suppose -5*q = 5, 0*a + 2*a = 5*q - 367. Let y = a + 261. What are the prime factors of y?
3, 5
Let x(y) = y**2 + 2*y - 10. Let q be x(-5). Let h(v) = 22*v + 8. What are the prime factors of h(q)?
2, 59
Let v be 5 + (-1)/((-1)/(-1)). Suppose -2*l - v*b + 32 = l, l - b = 20. Let p = l - 1. What are the prime factors of p?
3, 5
Let s(c) = c**3 + 20*c**2 - 2*c - 17. List the prime factors of s(-20).
23
Let z be 4/8 - (-162)/12. Let n(s) = -6 + 9*s - s**2 - 9 + 7*s. What are the prime factors of n(z)?
13
Let t(b) = b**3 + 7*b**2 + 3*b - 2. Let x be t(-6). Let h = x - -44. What are the prime factors of h?
2, 3, 5
Let n(r) = r + 26. Let s(k) = 2*k + 51. Let q(w) = -7*n(w) + 4*s(w). What are the prime factors of q(-18)?
2
Let h(s) = -30*s + 6. Let p(n) = -n. Let o(x) = h(x) + 2*p(x). What are the prime factors of o(-5)?
2, 83
Let p = -4 - -6. Suppose -752 = -5*h - 3*f, 0*h - p*f = h - 156. Suppose 7*w + h = 477. List the prime factors of w.
47
Suppose -g - 60 + 2901 = 4*s, 4*g - 2856 = -4*s. What are the prime factors of s?
709
Let w(v) = 2*v**2 - 6*v - 7. Let c(d) = -d**3 - 5*d**2 + 3*d - 9. Let l be c(-6). What are the prime factors of w(l)?
101
Suppose -4*z - 1 + 9 = 0. Let o be 4 - ((2 - 2) + z). Suppose o*f - 18 = 20. What are the prime factors of f?
19
What are the prime factors of 11 + 808 + 3 + -9?
3, 271
Let n = -94 - -96. Suppose -4*w = -4*q - 328, 2*w + 0*w = -n*q + 164. List the prime factors of w.
2, 41
Suppose u + 10 - 14 = 0. Suppose 64 = 2*l + 2*i - u, -l + 3*i + 14 = 0. Suppose 3*o + 39 = 2*k, -6*k + 5*o = -4*k - l. List the prime factors of k.
3
Let n(u) = -3*u - 5. Let q be n(-5). Let g(j) = q*j - 10*j - 12*j + 2 - 15*j. List the prime factors of g(-1).
29
Suppose -43*r = -830 - 15854. List the prime factors of r.
2, 97
Let r = -51 - -51. Suppose r = -5*q - 6 + 441. What are the prime factors of q?
3, 29
List the prime factors of (-1 + 200)/(17/119) - -5.
2, 3, 233
Let s be (-1)/((-18)/4) + (-6468)/(-54). Suppose 10*w = 140 + s. List the prime factors of w.
2, 13
Suppose -y - 3*h = -16, 48 - 30 = y + 5*h. What are the prime factors of y?
13
Let k(n) = 7*n**2 - n + 2. Let i be k(2). Let m = i - -8. Suppose 0*y = -4*y + 4*c + m, -2*c - 30 = -4*y. What are the prime factors of y?
2, 3
Let q(v) = v**3 + 7*v**2 + v + 5. Let t be q(-7). Let o be (-1368)/(-99) - t/11. Suppose -4 + o = z. List the prime factors of z.
2, 5
Suppose d - 3236 = -2*h, 2*h - h - 12944 = -4*d. List the prime factors of d.
2, 809
Suppose i + 2*u = -i + 4, 0 = -4*u + 8. Suppose -5*l + 1251 - 351 = i. What are the prime factors of l?
2, 3, 5
Let c = 17 + -2. Let j = 19 - c. Suppose -2*f + y - 4 = -86, 4*f - 164 = -j*y. List the prime factors of f.
41
Let s(k) = -k**3 + 14*k**2 + k - 14. Let j be s(13). Let c = j - 33. Suppose -3*u + 0*u = 3*f - c, 111 = 2*u - 5*f. List the prime factors of u.
2, 3
Let h(l) = -l**3 - 22*l**2 - 12*l + 21. What are the prime factors of h(-22)?
3, 5, 19
Let b be (-6 + 1)*18/(-10). List the prime factors of (b/(-8))/3 - (-3046)/16.
2, 5, 19
Suppose 5 = 5*f, c + 3*f - 498 = 6*c. Let y 